 What is the units digit of h(8)?
3
Suppose 5*s = -d + 27, -d + 32 = d - s. What is the tens digit of d?
1
Let z(b) = -b - 2. Let r be z(-4). Let s(m) = 9*m - 2. What is the tens digit of s(r)?
1
Let q(i) = -20*i**2 - 29*i - 20. Let v(p) = -7*p**2 - 10*p - 7. Let c(j) = -6*q(j) + 17*v(j). What is the units digit of c(-4)?
1
Let g = 10 + -15. Let t = -3 - g. Suppose t*k = k + 4. What is the units digit of k?
4
Let v = 3 - -4. Let p be (3/6)/(3/6). Suppose m + p - v = 0. What is the units digit of m?
6
Suppose 3*j + 0*j = -2*d + 65, 4*j = -3*d + 87. Suppose -27 = -2*y + j. What is the units digit of y?
4
Suppose -2*u + 190 = 3*u. Let a be 16/(-72) - u/(-9). Suppose -5*t + b = -13, 6*b - 1 = t + a*b. What is the units digit of t?
3
Suppose 1 = -o + 49. What is the units digit of o?
8
Let c(n) = n**2 + 3*n + 3. Let i(j) = j - 2. Let s be i(4). Let b = s + -5. What is the units digit of c(b)?
3
Let x = 8 - 12. Let z(c) be the first derivative of c**3/3 + 3*c**2/2 - 3*c + 1. What is the units digit of z(x)?
1
Suppose 0 = -3*j - 2*s + 151, -8*j = -4*j - 5*s - 209. Suppose 4*b = -b - 5*c + 85, 3*b = -c + j. What is the tens digit of b?
1
Suppose 5*q + 5 = -3*k, -5*q + 3 - 13 = 4*k. Suppose 0 = 3*m - 4*i - 69, -4*i - 42 = -q*m - 0*i. What is the tens digit of m?
2
Suppose 0 = -m + 4*m + 3*y + 12, 0 = 2*m - 2*y. What is the units digit of m + (12 - (1 + -2))?
1
Let p(v) = 7*v - 2. Suppose 3*a - 5*w = -5 + 2, -w - 9 = -3*a. Let t be p(a). Suppose -b + o - 2 = 0, -5*b - 5*o + o = -t. What is the units digit of b?
2
Let r(i) = 7*i. Let o be r(8). Let k = o - -4. Suppose -6*g + k = -g. What is the units digit of g?
2
Let n(o) = -6*o**3 - 12*o**2 - 6*o - 4. Let g(t) = 7*t**3 + 13*t**2 + 6*t + 4. Let z(j) = -5*g(j) - 6*n(j). What is the units digit of z(-6)?
4
Let o = -4 + 63. What is the tens digit of o?
5
Let o(p) = p**2 - 8*p + 9. What is the tens digit of o(11)?
4
What is the tens digit of -3 - (-101 - (-3 + 1))?
9
Let b(a) be the second derivative of -a**3/3 - a**2/2 + a. Suppose 2*m + 10 = -0*m. What is the units digit of b(m)?
9
Suppose 0 = y - a + 3*a - 1, -5*a - 14 = -3*y. Suppose 3*k = -k - 16, y*n + 5*k = -11. What is the units digit of n?
3
Let v be (9/3 + -2)*-9. Let h = 18 + v. What is the units digit of (-2)/(12/h - 2)?
3
Let a(u) = u**2 + 7*u + 9. Let f be a(-6). Let t(c) = -2 + f - c + 2*c + 1 + 2*c**2. What is the units digit of t(-2)?
8
Suppose -42 = -3*o + 66. What is the tens digit of o?
3
Let l(c) = c**3 + 2*c**2 - c. Let z be l(-2). Suppose -n - z = -4. Suppose 5 = -q + n*q. What is the units digit of q?
5
Suppose 2*b + 5*k = -20, -5*b - k - 6 + 2 = 0. Suppose -3*t + b*t = 3*x - 3, 3*t - 3*x = 27. What is the units digit of t?
5
Let h(x) = x**2 - 4*x - 4. Let w(n) = 1. Let j(t) = h(t) - w(t). What is the units digit of j(6)?
7
Let p(l) = 2*l**2 + 7*l - 7. Let u be p(-6). Let q = 45 - u. Suppose -2*w = -4*w + q. What is the tens digit of w?
1
Let b = -2 + 6. Let q be (-2)/b*-1*12. Suppose o = q*o - 30. What is the units digit of o?
6
Let l be 2*(-2 + 3/(-6)). Let q(u) = -u**3 - 4*u**2 + 5*u + 2. Let s be q(l). Suppose -9 - 7 = -s*r. What is the units digit of r?
8
Let w(n) be the second derivative of 7*n**3/6 - n**2/2 - n. Suppose -3*q = -4*q - 4*m + 5, -4*q + m = -3. What is the units digit of w(q)?
6
Let r(w) = -w**3 + 3*w**2 - w + 4. Let s be r(3). Let o(z) = z + z**2 - z. What is the units digit of o(s)?
1
Let f be (-2 - -3)/((-2)/(-6)). Suppose f*m + 0 = 9. What is the units digit of m?
3
What is the tens digit of 4/26 + 1519/13?
1
Let h(g) = -g**2 + 6*g - 2. Let x be h(5). Let w(t) = -2 + 2*t + 0 - x*t. What is the units digit of w(-4)?
2
Suppose -n - 4*w + w + 500 = 0, 2*n + 4*w = 1008. What is the units digit of 2/11 + n/88?
6
Let w be 9/15 + (-207)/(-5). Let i = 65 - w. What is the tens digit of i?
2
Let q be 1/(-1)*(-6 + 3). Suppose -q*l + l = -6. Suppose -5*d + l*d + 2 = 0. What is the units digit of d?
1
Suppose 0 = 4*h - 39 - 13. What is the units digit of h?
3
Let l(p) = -p**3 - 5*p**2 - p + 2. Let w(g) = 2*g - 1. Let f be w(-5). Let o = f + 6. What is the units digit of l(o)?
7
Suppose -5*o = -o - 24. Let d = o - 1. Suppose d*l = -5*m + 10, 5*l - 3*m = m + 1. What is the units digit of l?
1
What is the tens digit of 100/6 - 10/15?
1
What is the tens digit of ((-9)/(-3) + 2)/((-1)/(-28))?
4
Let q(i) = -i**3 + 6*i**2 + 16*i - 9. What is the tens digit of q(6)?
8
Let k(p) = p**2 + p + 1. Let n(b) = -3*b**2 - 8*b - 2. Let z(w) = -4*k(w) - n(w). What is the units digit of z(3)?
1
Let u(k) = 37*k**2. Let w be u(-1). Let f = w - -6. What is the tens digit of f?
4
Suppose -j - 3*j = 4*n - 36, 3*j = -2*n + 22. Suppose -5*r + 45 = -t + 3*t, 43 = j*r + 3*t. What is the units digit of r?
7
Suppose -3*w - 51 + 6 = 0. Let q = 19 + w. What is the units digit of q?
4
Let x = -2 + 1. Let w be (-1)/(-3)*3*x. What is the units digit of (-3 + 2)/w + 2?
3
Let o(c) = -4*c. Let i be (-276)/(-27) - (-2)/(-9). Suppose 4*j = 3*x + 19, 2*x + 4 + i = 3*j. What is the units digit of o(x)?
4
Suppose c = 5*c - 376. Suppose -5*g - 2*r = -68, -5*g = 3*r + 22 - c. Suppose -4*h + g = -32. What is the tens digit of h?
1
Let u be (-6*1 - -3) + 10. Let b = 6 - u. Let x(d) = 12*d**2 - 2*d - 1. What is the units digit of x(b)?
3
Let z(c) = 5*c**2 - 41*c + 21. Let j(b) = b**2 - 10*b + 5. Let m(n) = 9*j(n) - 2*z(n). What is the units digit of m(-8)?
3
Let h = 0 + 9. What is the units digit of (-28 + h)*(1 - 2)?
9
Let v be 2*(0 + 0 + 34). Suppose 2*y = 2*j - 6*j + 34, -4*y + v = -2*j. What is the tens digit of y?
1
Let b = 7 + -29. Let f = -11 - b. What is the tens digit of f?
1
Let b = 52 + -1. What is the tens digit of b/2*(-6)/(-9)?
1
Let z(h) = -2*h - 21. What is the units digit of z(-19)?
7
Suppose 0 = 3*f + 9, -133 = -2*h + 5*f - 0*f. What is the tens digit of h?
5
Let i(p) = 6*p - 7 + p**2 + 1 + 1. Let n be i(-6). Let x(z) = -3*z - 7. What is the units digit of x(n)?
8
Suppose -12*l + 5*l = -1981. What is the tens digit of l?
8
Suppose 3*b + 5 = 4*b. Suppose 0 = -4*s + 6*s - 32. Suppose -b*g = 3*l - 28, s = -3*l + 4*g - 1. What is the units digit of l?
1
What is the tens digit of 3228/60 - 1/(-5)?
5
Suppose 2*k - 2*v = 10 + 226, 3*k - 5*v = 346. What is the hundreds digit of k?
1
Let s(v) = v + 9. Let o be s(8). Let b be (-2)/8 - o/(-4). Suppose b*c - 8 = 4. What is the units digit of c?
3
Let k = 6 - 12. Let o = k + 14. Suppose u = 0, o = -0*m + 2*m - 5*u. What is the units digit of m?
4
Let r be 2*(-2)/((-4)/3). Suppose r*c + 0*c = 3. What is the units digit of c?
1
Let b(f) = -f + 29. What is the tens digit of b(-16)?
4
Let d = -9 + 8. Let z be (1 + -1)/(3 + d). What is the units digit of -1*(z - 2 - 1)?
3
Suppose -4*o - 11 - 5 = 0. What is the units digit of -7*4/(o + 0)?
7
Let f be (-84)/(-10)*5/1. Let x = -30 + f. What is the tens digit of x?
1
Suppose 3*m + 129 = 4*b, -4*b - m + 0*m = -149. What is the tens digit of b?
3
Let o(q) = 5*q**2 - 13*q - 4. Let y(k) = -2*k**2 + 4*k + 1. Let w(v) = -2*o(v) - 7*y(v). What is the tens digit of w(-2)?
2
Suppose 3*a - 420 = -0*a. What is the tens digit of a?
4
Suppose -5*h = 2*n - 9 - 21, 0 = -5*n - 5*h + 45. Let b(c) be the first derivative of -c**4/4 + 4*c**3/3 + 3*c**2 + 5*c + 1. What is the units digit of b(n)?
0
Suppose 4*y - 164 = -2*a, -2*y - 2*a - a = -78. What is the units digit of y?
2
Let q(x) = -x**2 + 11*x + 6. Let z be q(11). What is the tens digit of 7/42 - (-179)/z?
3
Suppose -6*a + 4*a - 5*i + 54 = 0, 2*i + 81 = 3*a. What is the tens digit of a?
2
What is the tens digit of (-2 - 1 - -4)*24?
2
Let w(i) = -i + 1. Let h be w(0). Let n be 4/(-1 + 2/h). What is the units digit of (-1)/(-4) - (-23)/n?
6
Suppose -2*q + 12 = 4*n, 2*q = 4*n + 2 - 14. Let w be (-7 + -1 + 1)*3. What is the units digit of (n - 1)/((-14)/w)?
3
What is the units digit of 12/(-1)*(-168)/36?
6
Let n(i) = -i - 5. Let o be n(10). Let l(t) = -t**2 - 17*t + 2. What is the tens digit of l(o)?
3
Suppose -3*m = -4*t + 12 - 0, -2*m - 3*t + 9 = 0. What is the units digit of (1 - (3 - m))*-13?
6
Suppose -2*n + 0*n + 264 = 0. What is the tens digit of ((-1)/4)/((-3)/n)?
1
Suppose -3*y - 6 = 5*b, -2*y + 15 = -5*b + 2*b. Suppose 0 = -y*s + 24 + 6. What is the units digit of s?
0
Let v(k) = k**2 + 16. Let r(w) = -w**3 - 7*w**2 - 6*w. Let